n divisor of 129 and 91461?
129
What is the greatest common divisor of 706097 and 77?
7
Calculate the greatest common divisor of 172326 and 98.
14
Calculate the highest common divisor of 972 and 156.
12
What is the greatest common divisor of 200 and 581720?
40
What is the greatest common factor of 1850 and 1813?
37
What is the greatest common factor of 378 and 153804?
42
What is the highest common divisor of 9530 and 20?
10
Calculate the highest common factor of 53858 and 126.
14
What is the highest common divisor of 816 and 5388864?
816
What is the greatest common divisor of 84 and 2077446?
42
What is the greatest common factor of 4000 and 1375?
125
What is the highest common factor of 381539 and 129?
43
What is the highest common divisor of 53 and 247775?
53
Calculate the highest common divisor of 165 and 173415.
165
Calculate the highest common divisor of 8085 and 495.
165
What is the highest common divisor of 55928 and 40?
8
What is the greatest common divisor of 1261 and 3201?
97
Calculate the greatest common factor of 17991 and 9.
9
Calculate the greatest common divisor of 3645 and 2565.
135
Calculate the greatest common factor of 1541 and 18837.
23
Calculate the highest common divisor of 161 and 11389.
7
Calculate the highest common factor of 138 and 106789.
23
What is the highest common divisor of 161 and 360157?
161
Calculate the highest common factor of 26944 and 100.
4
Calculate the greatest common factor of 48 and 355728.
48
What is the greatest common divisor of 6578 and 7124?
26
What is the highest common factor of 243 and 9855?
27
What is the greatest common factor of 600 and 13820?
20
Calculate the highest common divisor of 3444 and 12956.
164
Calculate the greatest common divisor of 11718 and 130634.
434
Calculate the highest common factor of 1952 and 29036.
244
Calculate the highest common factor of 199 and 398.
199
Calculate the highest common factor of 4 and 10697.
1
Calculate the greatest common divisor of 490644 and 224.
28
What is the highest common factor of 108 and 1466676?
36
What is the highest common divisor of 1700 and 478300?
100
Calculate the highest common factor of 8798968 and 1318.
1318
What is the highest common factor of 30 and 42850?
10
Calculate the greatest common factor of 792 and 6094.
22
What is the greatest common divisor of 71455 and 124?
31
What is the highest common factor of 1233 and 5013?
9
What is the highest common divisor of 75826 and 64819?
1223
What is the highest common factor of 116412 and 2180?
436
What is the greatest common divisor of 353820 and 60?
60
Calculate the highest common divisor of 25 and 5305.
5
What is the highest common divisor of 100 and 62620?
20
Calculate the greatest common divisor of 1005 and 2565.
15
What is the greatest common divisor of 87146 and 10?
2
Calculate the highest common factor of 6086207 and 1553.
1553
Calculate the greatest common divisor of 1122036 and 12.
12
Calculate the highest common factor of 885 and 15753.
177
What is the greatest common divisor of 109233 and 10812?
159
Calculate the highest common divisor of 284 and 136462.
142
What is the highest common divisor of 22 and 531927?
11
Calculate the highest common divisor of 239031 and 26.
13
Calculate the highest common divisor of 30 and 2994.
6
Calculate the greatest common factor of 24895 and 1365.
65
Calculate the greatest common divisor of 486 and 4266.
54
What is the greatest common factor of 82369 and 49?
49
What is the greatest common divisor of 135345 and 525?
105
What is the greatest common divisor of 60 and 1721490?
30
Calculate the greatest common divisor of 5207 and 4182.
41
What is the greatest common factor of 14 and 3798053?
7
Calculate the highest common factor of 31949 and 1161.
43
What is the greatest common factor of 9274 and 8?
2
Calculate the greatest common divisor of 421780 and 20.
20
What is the highest common factor of 120 and 910920?
120
Calculate the highest common factor of 75 and 117200.
25
Calculate the greatest common divisor of 3501859 and 2228.
557
Calculate the greatest common divisor of 730 and 1460292.
146
What is the highest common divisor of 2181 and 3867?
3
Calculate the highest common factor of 9074 and 234.
26
Calculate the greatest common factor of 4840014 and 158.
158
What is the greatest common factor of 15491 and 119?
7
What is the highest common divisor of 287 and 37793?
7
Calculate the highest common divisor of 2375 and 1250675.
475
Calculate the highest common factor of 146368 and 256.
64
Calculate the highest common divisor of 250 and 1771625.
125
Calculate the highest common divisor of 6463 and 207.
23
What is the greatest common factor of 11 and 27841?
11
What is the highest common factor of 1120 and 48020?
140
What is the highest common divisor of 299 and 2645?
23
Calculate the highest common factor of 5325 and 887500.
1775
What is the highest common divisor of 131772 and 143448?
1668
What is the highest common divisor of 307293 and 28?
7
What is the highest common divisor of 190 and 86640?
190
What is the highest common factor of 1133 and 995907?
1133
What is the highest common factor of 1077300 and 760?
380
Calculate the greatest common factor of 46748 and 961.
31
What is the greatest common factor of 2040 and 7752?
408
What is the greatest common factor of 1493004 and 7968?
996
Calculate the greatest common factor of 7414 and 33.
11
What is the greatest common factor of 391 and 141542?
391
What is the highest common divisor of 4429 and 1075?
43
Calculate the highest common divisor of 3993 and 33627.
33
What is the greatest common divisor of 10 and 140360?
10
Calculate the highest common factor of 8514 and 41538.
258
What is the highest common factor of 52312 and 1196?
52
What is the highest common divisor of 6905 and 1570?
5
Calculate the highest common divisor of 135691 and 29.
29
What is the highest common divisor of 680 and 617780?
340
What is the greatest common divisor of 10840375 and 5?
5
What is the highest common divisor of 710 and 2810?
10
What is the greatest common divisor of 168 and 128562?
42
What is the highest common factor of 127088 and 33464?
376
What is the greatest common divisor of 9 and 3369?
3
What is the greatest common factor of 4 and 1088?
4
What is the highest common factor of 17633 and 4543?
77
What is the greatest common factor of 1749 and 2244?
33
Calculate the highest common divisor of 3050 and 2736460.
610
What is the highest common divisor of 108640 and 21280?
1120
Calculate the greatest common factor of 12739752 and 531.
531
What is the highest common factor of 242 and 638?
22
What is the greatest common factor of 61 and 53?
1
What is the greatest common divisor of 632 and 1255784?
632
What is the highest common factor of 35 and 101759?
7
Calculate the highest common factor of 103010 and 60.
10
Calculate the greatest common divisor of 338616 and 72.
72
What is the highest common factor of 2 and 1612082?
2
What is the greatest common divisor of 96 and 406176?
96
What is the greatest common factor of 94288 and 71?
71
What is the greatest common divisor of 475 and 145?
5
What is the greatest common divisor of 197064 and 252?
252
Calculate the greatest common factor of 430 and 1761280.
430
What is the greatest common factor of 12 and 73962?
6
What is the highest common divisor of 25225494 and 14?
14
What is the highest common divisor of 475709 and 1677?
559
What is the highest common divisor of 1700 and 1224?
68
What is the greatest common divisor of 1 and 1447?
1
What is the highest common divisor of 472698 and 36?
18
What is the greatest common factor of 45770 and 1610?
230
What is the greatest common divisor of 26 and 4953?
13
Calculate the greatest common factor of 267210 and 180.
90
Calculate the greatest common factor of 854788 and 44.
44
Calculate the highest common divisor of 474 and 784470.
474
Calculate the greatest common factor of 292 and 784312.
292
What is the greatest common factor of 15 and 160962?
3
What is the greatest common factor of 54038 and 410?
82
What is the highest common factor of 448 and 35648?
64
What is the highest common divisor of 15040 and 34880?
320
Calculate the highest common factor of 105 and 381165.
15
What is the greatest common factor of 136851 and 858?
429
What is the hi